-35))/1 - 8/c. Suppose w = -7*l + 4*l + 93. Calculate the highest common divisor of 217 and l.
31
Let f(w) = 959*w + 3054. Let s be f(14). Calculate the highest common factor of 320 and s.
160
Let l be (2 + (-129 - -11))*(-18)/8. Calculate the greatest common divisor of 464 and l.
29
Let s = 132 - 132. Suppose s = 8*o - 3 - 77. Suppose -5*b - 1 = 4*n, 0*b - 2*b - o = 0. What is the highest common divisor of n and 18?
6
Suppose -i + 8*i + 140 = 0. Let j be i*(-2 + (-9)/(-6)). Let d be (20/2 - 3/2)*j. What is the greatest common factor of 34 and d?
17
Let b(m) = -16*m - 199. Let j be b(-12). Let h be j + -8 + -5 + 95. What is the greatest common factor of h and 50?
25
Let x(r) = 3*r**2 + 14*r - 4*r**2 + 2 - 2 - 9. Let b be x(13). Let i be (-3)/(-12) + (-756)/(-48). Calculate the highest common factor of b and i.
4
Let y = 4475 - 4293. What is the greatest common divisor of 26 and y?
26
Suppose -3*r - 4*q + 3*q = -16, 9 = r + 4*q. Let d be (-4)/2 - (-12 + r). Let t be ((-20)/d + 3)*-2. Calculate the greatest common factor of 18 and t.
2
Let f = 11 + 7. Let b be (2 + 0 - 0) + f. Let x = -3341 - -3361. Calculate the highest common factor of x and b.
20
Let j be 1458/(-36)*(2 + (-16)/2). What is the greatest common divisor of j and 6?
3
Let j = 7 + -3. Suppose -3*r + j*r - 4*u + 13 = 0, 0 = -4*u + 12. Let f be 2 - (0/r + -12). What is the greatest common factor of 154 and f?
14
Suppose 0 = -5*w - 2*r + 352, -w + 3036*r = 3034*r - 80. Suppose -3*y + 8*y - 240 = 0. What is the highest common factor of w and y?
24
Let d(p) = -11*p**2 + 4*p + 9. Let y be d(-3). Let g = -22 - y. What is the highest common divisor of 120 and g?
40
Let q = -61 - -61. Suppose q = u - 443 + 137. Let c be (-6)/(-8) - u/(-72). Calculate the greatest common divisor of c and 35.
5
Suppose 3*q + 5 = -1, -248 = -5*l - q. Calculate the highest common divisor of l and 1550.
50
Let c be ((-1)/4 + 42/8)/(432/174096). Calculate the highest common divisor of c and 325.
65
Let r(k) = -5*k + 2 + 3*k - 3*k. Let i be r(-4). Let c(z) = -140*z + 1554. Let o be c(10). Calculate the greatest common factor of i and o.
22
Let o(d) = -10*d**3 - 190*d**2 - 15*d - 13. Let g be o(-19). What is the highest common factor of 3944 and g?
136
Suppose -6*w + 3362 = -4*o - 3*w, -5*w + 4205 = -5*o. Let d = o - -1044. What is the highest common divisor of d and 164?
41
Suppose -709033*u = -709042*u + 261. Suppose -783 = -3*c - 0*c. Let x = c - 29. What is the highest common factor of u and x?
29
Suppose 17*b = 20*b + 2*d - 798, 558 = 2*b - 3*d. Calculate the greatest common factor of 414 and b.
18
Suppose 211 = 32*p - 3661. Calculate the highest common factor of p and 165.
11
Suppose 0 = -5*a + 5*p + 860, -34*a + 2*p + 2620 = -3100. Calculate the highest common divisor of a and 5964.
84
Suppose 34*u - 192*u = -14536. Calculate the highest common divisor of 2484 and u.
92
Suppose -41*t = -9637 + 2667. What is the highest common factor of t and 30?
10
Let x be -1 - 104*(4 - 0 - 3). Let i(q) = q + 8. Let c be i(-7). Let m be c/4 - x/12. Calculate the greatest common factor of 27 and m.
9
Let t be (-1)/(6810/(-2271) + 3) + 0. Let i = 1443 + t. What is the greatest common factor of 14 and i?
14
Let g be (-2)/((96/(-30))/(-8)). Let q(b) = -19 - 14 + 8 - 18*b. Let k be q(g). Calculate the greatest common divisor of 13 and k.
13
Let l = 6403 - 5917. What is the highest common divisor of l and 513?
27
Let u(c) = c + 14. Let m be u(0). Suppose -11 = -2*z - 3*g, 11*g = 4*z + m*g - 13. Calculate the greatest common divisor of 34 and z.
1
Let i(f) = -2*f**2 - 67498*f - 2*f**2 - 18 + 67476*f. Let y be i(-3). Calculate the highest common divisor of y and 1068.
12
Let q be 5/(-15) - 44/(-6). Suppose -5 - 9 = -q*j. Let a be j*4/(-2) + 58. Calculate the highest common factor of 27 and a.
27
Let w(c) = 58*c**2 - 8*c + 18. Let v be w(-5). Let i be 2*v/32 + (-27)/(-36). Calculate the greatest common factor of i and 133.
19
Suppose 199 = n + 9*t, 7*n = 5*n - t + 313. Calculate the greatest common factor of n and 132.
22
Let m be 684/(-494)*(1 - 14). What is the highest common factor of m and 4?
2
Suppose 0 = 49*r - 79*r + 14280. Calculate the highest common divisor of r and 112.
28
Suppose 1510 = -32*t - 272*t - 1530. Suppose 3*s - 2*s + 4*o = 20, -3*s + 44 = -4*o. Let b = t + s. What is the greatest common factor of 6 and b?
6
Suppose 0*i = i - 87. Let l be (4/16*2)/(1/8). Suppose 2*t = 4*u - 3*u + 61, -l*t + 3*u + 125 = 0. What is the greatest common divisor of t and i?
29
Suppose -6 = -h, h = 5*y - 1583 - 4216. Calculate the greatest common factor of 27 and y.
27
Let h be 162488/12 - 544/(-408). What is the highest common factor of h and 244?
122
Let m(o) = -45*o - 307. Let z be m(-7). What is the greatest common factor of 116 and z?
4
Let b(f) be the second derivative of -17*f**3/3 + 6*f**2 + f + 16. Let d be b(-4). What is the highest common factor of 111 and d?
37
Let i = -8004 + 8935. What is the highest common factor of i and 57?
19
Let u = -8128 - -8884. Calculate the highest common divisor of 112 and u.
28
Let x = 4577 - 4460. What is the greatest common divisor of 221 and x?
13
Let d(l) = -3309*l - 57. Let i be d(-7). Suppose -4038 - i = -36*m. What is the highest common divisor of 58 and m?
58
Suppose 284 = 14*l + 2370. Let a = l + 155. Calculate the highest common divisor of 15 and a.
3
Suppose 5*w + 4*p = -168 + 1161, 4*w - 3*p = 813. What is the highest common factor of 21 and w?
3
Suppose 0 = -5*z - 4*r + 25, -z - r + 2 = -2. Let i be -12 + z + 11 + (0 - 5). Calculate the highest common factor of i and 9.
3
Suppose 4*k - 36 = 3*b - 8*b, 3*k = b + 8. Suppose -l = -k*p - 15, -4*l + p - 12 = -6*l. What is the highest common factor of 77 and l?
7
Let o be (-3)/6*(-118)/(-1). Let p = 100 + o. What is the greatest common divisor of p and 1?
1
Let t(o) = 5*o + 127. Let h be t(-25). Suppose -h*r = 5*f - 365, -4*r + 12 = 32. What is the greatest common factor of 3 and f?
3
Let i = -115 + 282. Suppose -40 = 2*b + 5*z - i, 4*b - 269 = 5*z. What is the greatest common factor of 18 and b?
6
Let w be 1/3 + (1180/15 - 4). Suppose -6*h = -24, -3*o - 5*h + 13 = -34. Calculate the greatest common factor of w and o.
3
Let w(p) = 685*p**2 - 97*p - 292. Let b be w(-8). What is the greatest common divisor of 28 and b?
28
Suppose 13*d - 18741 = 213. Calculate the greatest common factor of d and 54.
54
Let n(f) = -f**2 + 11*f + 11. Let h be n(6). Suppose 5*g + 2*x = 2*g + h, 10 = 2*g - 3*x. Let z = -109 + 120. Calculate the greatest common factor of z and g.
11
Suppose -16 = 496*x - 504*x. Suppose 0 = x*n - 5*k + 2*k - 81, 4*k - 96 = -3*n. What is the highest common factor of n and 24?
12
Let h(r) = -2*r + 138. Let b be h(-15). Calculate the highest common factor of b and 1064.
56
Suppose -2*s + 0*s - 2*c = 4, -5*s + 5*c + 40 = 0. Let u be (131 + s)*5/10. Calculate the greatest common factor of u and 603.
67
Let s be (-4)/(-72)*8708 + (-4)/(-18). Suppose s = 30*v + 124. Suppose 4*i = 4*u - 12, 4*u + 5*i - 9 = 3. Calculate the greatest common divisor of u and v.
3
Let s(u) = 2*u + 8. Let w be s(-5). Let q be -5 - ((1 + w - -3) + -127). Calculate the highest common divisor of 50 and q.
10
Suppose 36 + 33 = 23*q. Suppose 5*f = -20, -u = -q*u + 2*f + 26. What is the highest common factor of u and 261?
9
Let r = -5076 + 5844. Calculate the highest common factor of 12 and r.
12
Let m(a) be the second derivative of a**3/6 + 2*a. Let x(y) = -y**2 + 18*y - 34. Let q be x(15). Let l be m(q). What is the greatest common factor of 33 and l?
11
Let j(h) = 445*h - 8155. Let y be j(37). Calculate the greatest common divisor of y and 18.
6
Let s(f) = 58*f**2 + 6*f + 14. Let l be s(-7). Let o be l/15 - 24/40. Let q(d) = -4*d - 7. Let k be q(-6). Calculate the greatest common divisor of o and k.
17
Let m be (-8)/(-10) - (-57552)/(-165). Let a = m + 429. Calculate the greatest common divisor of a and 36.
9
Suppose w + 5*o = -4*w + 570, -459 = -4*w - o. Let n = w - 168. Let m = n + 63. What is the highest common divisor of 70 and m?
10
Let d = -542 + 323. Let j = d + 222. Calculate the greatest common factor of j and 2.
1
Suppose -2*p + 1275 + 155 = 0. Suppose 11*q = 617 - 474. Calculate the highest common divisor of p and q.
13
Suppose l - 52 = -4*p, 1